{"id":1398,"date":"2023-10-19T10:55:39","date_gmt":"2023-10-19T08:55:39","guid":{"rendered":"https:\/\/domainedelaprevote.com\/?page_id=1398"},"modified":"2026-04-13T17:53:33","modified_gmt":"2026-04-13T15:53:33","slug":"private-hire-of-the-domaine-de-la-prevote","status":"publish","type":"page","link":"https:\/\/domainedelaprevote.com\/en\/private-hire-of-the-domaine-de-la-prevote\/","title":{"rendered":"Private hire of the Domaine de la Pr\u00e9v\u00f4te"},"content":{"rendered":"<div class=\"wpb-content-wrapper\"><p>[vc_row][vc_column width=&#8221;1\/1&#8243;][vc_column_text uncode_shortcode_id=&#8221;573925&#8243;]<\/p>\n<h2>Off-season or summer, rent the entire estate!<\/h2>\n<p>Venue rental is available year-round.<br \/>\nWeddings, family reunions, birthdays, parties with friends&#8230; For a weekend or a week&#8230; Enjoy the estate and all its activities!<\/p>\n<h2>Corporate seminars<\/h2>\n<p>Experience a moment of sharing and exchange with your colleagues. You can alternate morning work sessions (in our reception room, &#8220;La Grange&#8221;) with afternoon activities.<\/p>\n<h2>Capacity and number of people<\/h2>\n<p>The accommodation capacity is <strong>45 people across the 4 cottages<\/strong>. An additional 4 baby cots are available (1 per cottage).<br \/>\nThe maximum outdoor capacity during the day is <strong>80 people<\/strong>.<\/p>\n<h2>Rates<\/h2>\n<p>Rates vary depending on the number of people (number of cottages), the season, and the rental period. From \u20ac2,900 (Weekend, 23 people, Low season) to \u20ac9,950 (Private rental, 1 week, Summer season)<br \/>\nCleaning included \u2013 sheets and towels are extra.[\/vc_column_text][vc_button button_color=&#8221;color-b3ba5d&#8221; border_width=&#8221;0&#8243; icon_position=&#8221;right&#8221; link=&#8221;url:https%3A%2F%2Fdomainedelaprevote.com%2Fen%2Fcontact-us%2F|title:Contact&#8221; uncode_shortcode_id=&#8221;538158&#8243; button_color_type=&#8221;uncode-palette&#8221; icon=&#8221;fa fa-chevron-right&#8221;]Contact us for a personalized quote or any further information.[\/vc_button][\/vc_column][\/vc_row]<\/p>\n<\/div>","protected":false},"excerpt":{"rendered":"<p>[vc_row][vc_column width=&#8221;1\/1&#8243;][vc_column_text uncode_shortcode_id=&#8221;573925&#8243;] Off-season or summer, rent the entire estate! Venue rental is available year-round. Weddings, family reunions, birthdays, parties [&hellip;]<\/p>\n","protected":false},"author":1,"featured_media":1079,"parent":0,"menu_order":0,"comment_status":"closed","ping_status":"closed","template":"","meta":{"footnotes":""},"class_list":["post-1398","page","type-page","status-publish","has-post-thumbnail","hentry"],"yoast_head":"<!-- This site is optimized with the Yoast SEO plugin v27.5 - https:\/\/yoast.com\/product\/yoast-seo-wordpress\/ -->\n<title>Private hire of the Domaine de la Pr\u00e9v\u00f4te - Domaine de la Pr\u00e9vote<\/title>\n<meta name=\"robots\" content=\"index, follow, max-snippet:-1, max-image-preview:large, max-video-preview:-1\" \/>\n<link rel=\"canonical\" href=\"https:\/\/domainedelaprevote.com\/en\/private-hire-of-the-domaine-de-la-prevote\/\" \/>\n<meta property=\"og:locale\" content=\"en_US\" \/>\n<meta property=\"og:type\" content=\"article\" \/>\n<meta property=\"og:title\" content=\"Private hire of the Domaine de la Pr\u00e9v\u00f4te - Domaine de la Pr\u00e9vote\" \/>\n<meta property=\"og:description\" content=\"[vc_row][vc_column width=&#8221;1\/1&#8243;][vc_column_text uncode_shortcode_id=&#8221;573925&#8243;] Off-season or summer, rent the entire estate! Venue rental is available year-round. Weddings, family reunions, birthdays, parties [&hellip;]\" \/>\n<meta property=\"og:url\" content=\"https:\/\/domainedelaprevote.com\/en\/private-hire-of-the-domaine-de-la-prevote\/\" \/>\n<meta property=\"og:site_name\" content=\"Domaine de la Pr\u00e9vote\" \/>\n<meta property=\"article:modified_time\" content=\"2026-04-13T15:53:33+00:00\" \/>\n<meta property=\"og:image\" content=\"https:\/\/domainedelaprevote.com\/wp-content\/uploads\/2024\/06\/privatisation-titre.jpg\" \/>\n\t<meta property=\"og:image:width\" content=\"1300\" \/>\n\t<meta property=\"og:image:height\" content=\"668\" \/>\n\t<meta property=\"og:image:type\" content=\"image\/jpeg\" \/>\n<meta name=\"twitter:card\" content=\"summary_large_image\" \/>\n<script type=\"application\/ld+json\" class=\"yoast-schema-graph\">{\"@context\":\"https:\\\/\\\/schema.org\",\"@graph\":[{\"@type\":\"WebPage\",\"@id\":\"https:\\\/\\\/domainedelaprevote.com\\\/en\\\/private-hire-of-the-domaine-de-la-prevote\\\/\",\"url\":\"https:\\\/\\\/domainedelaprevote.com\\\/en\\\/private-hire-of-the-domaine-de-la-prevote\\\/\",\"name\":\"Private hire of the Domaine de la Pr\u00e9v\u00f4te - Domaine de la Pr\u00e9vote\",\"isPartOf\":{\"@id\":\"https:\\\/\\\/domainedelaprevote.com\\\/en\\\/#website\"},\"primaryImageOfPage\":{\"@id\":\"https:\\\/\\\/domainedelaprevote.com\\\/en\\\/private-hire-of-the-domaine-de-la-prevote\\\/#primaryimage\"},\"image\":{\"@id\":\"https:\\\/\\\/domainedelaprevote.com\\\/en\\\/private-hire-of-the-domaine-de-la-prevote\\\/#primaryimage\"},\"thumbnailUrl\":\"https:\\\/\\\/domainedelaprevote.com\\\/wp-content\\\/uploads\\\/2024\\\/06\\\/privatisation-titre.jpg\",\"datePublished\":\"2023-10-19T08:55:39+00:00\",\"dateModified\":\"2026-04-13T15:53:33+00:00\",\"breadcrumb\":{\"@id\":\"https:\\\/\\\/domainedelaprevote.com\\\/en\\\/private-hire-of-the-domaine-de-la-prevote\\\/#breadcrumb\"},\"inLanguage\":\"en-US\",\"potentialAction\":[{\"@type\":\"ReadAction\",\"target\":[\"https:\\\/\\\/domainedelaprevote.com\\\/en\\\/private-hire-of-the-domaine-de-la-prevote\\\/\"]}]},{\"@type\":\"ImageObject\",\"inLanguage\":\"en-US\",\"@id\":\"https:\\\/\\\/domainedelaprevote.com\\\/en\\\/private-hire-of-the-domaine-de-la-prevote\\\/#primaryimage\",\"url\":\"https:\\\/\\\/domainedelaprevote.com\\\/wp-content\\\/uploads\\\/2024\\\/06\\\/privatisation-titre.jpg\",\"contentUrl\":\"https:\\\/\\\/domainedelaprevote.com\\\/wp-content\\\/uploads\\\/2024\\\/06\\\/privatisation-titre.jpg\",\"width\":1300,\"height\":668},{\"@type\":\"BreadcrumbList\",\"@id\":\"https:\\\/\\\/domainedelaprevote.com\\\/en\\\/private-hire-of-the-domaine-de-la-prevote\\\/#breadcrumb\",\"itemListElement\":[{\"@type\":\"ListItem\",\"position\":1,\"name\":\"Accueil\",\"item\":\"https:\\\/\\\/domainedelaprevote.com\\\/en\\\/\"},{\"@type\":\"ListItem\",\"position\":2,\"name\":\"Private hire of the Domaine de la Pr\u00e9v\u00f4te\"}]},{\"@type\":\"WebSite\",\"@id\":\"https:\\\/\\\/domainedelaprevote.com\\\/en\\\/#website\",\"url\":\"https:\\\/\\\/domainedelaprevote.com\\\/en\\\/\",\"name\":\"Domaine de la Pr\u00e9v\u00f4te\",\"description\":\"G\u00eetes Proven\u00e7aux et Vignobles\",\"publisher\":{\"@id\":\"https:\\\/\\\/domainedelaprevote.com\\\/en\\\/#organization\"},\"potentialAction\":[{\"@type\":\"SearchAction\",\"target\":{\"@type\":\"EntryPoint\",\"urlTemplate\":\"https:\\\/\\\/domainedelaprevote.com\\\/en\\\/?s={search_term_string}\"},\"query-input\":{\"@type\":\"PropertyValueSpecification\",\"valueRequired\":true,\"valueName\":\"search_term_string\"}}],\"inLanguage\":\"en-US\"},{\"@type\":\"Organization\",\"@id\":\"https:\\\/\\\/domainedelaprevote.com\\\/en\\\/#organization\",\"name\":\"Domaine de la Pr\u00e9v\u00f4te\",\"url\":\"https:\\\/\\\/domainedelaprevote.com\\\/en\\\/\",\"logo\":{\"@type\":\"ImageObject\",\"inLanguage\":\"en-US\",\"@id\":\"https:\\\/\\\/domainedelaprevote.com\\\/en\\\/#\\\/schema\\\/logo\\\/image\\\/\",\"url\":\"https:\\\/\\\/domainedelaprevote.com\\\/wp-content\\\/uploads\\\/2024\\\/05\\\/logo-domaine-prevote@2x.png\",\"contentUrl\":\"https:\\\/\\\/domainedelaprevote.com\\\/wp-content\\\/uploads\\\/2024\\\/05\\\/logo-domaine-prevote@2x.png\",\"width\":800,\"height\":352,\"caption\":\"Domaine de la Pr\u00e9v\u00f4te\"},\"image\":{\"@id\":\"https:\\\/\\\/domainedelaprevote.com\\\/en\\\/#\\\/schema\\\/logo\\\/image\\\/\"}}]}<\/script>\n<!-- \/ Yoast SEO plugin. -->","yoast_head_json":{"title":"Private hire of the Domaine de la Pr\u00e9v\u00f4te - Domaine de la Pr\u00e9vote","robots":{"index":"index","follow":"follow","max-snippet":"max-snippet:-1","max-image-preview":"max-image-preview:large","max-video-preview":"max-video-preview:-1"},"canonical":"https:\/\/domainedelaprevote.com\/en\/private-hire-of-the-domaine-de-la-prevote\/","og_locale":"en_US","og_type":"article","og_title":"Private hire of the Domaine de la Pr\u00e9v\u00f4te - Domaine de la Pr\u00e9vote","og_description":"[vc_row][vc_column width=&#8221;1\/1&#8243;][vc_column_text uncode_shortcode_id=&#8221;573925&#8243;] Off-season or summer, rent the entire estate! Venue rental is available year-round. Weddings, family reunions, birthdays, parties [&hellip;]","og_url":"https:\/\/domainedelaprevote.com\/en\/private-hire-of-the-domaine-de-la-prevote\/","og_site_name":"Domaine de la Pr\u00e9vote","article_modified_time":"2026-04-13T15:53:33+00:00","og_image":[{"width":1300,"height":668,"url":"https:\/\/domainedelaprevote.com\/wp-content\/uploads\/2024\/06\/privatisation-titre.jpg","type":"image\/jpeg"}],"twitter_card":"summary_large_image","schema":{"@context":"https:\/\/schema.org","@graph":[{"@type":"WebPage","@id":"https:\/\/domainedelaprevote.com\/en\/private-hire-of-the-domaine-de-la-prevote\/","url":"https:\/\/domainedelaprevote.com\/en\/private-hire-of-the-domaine-de-la-prevote\/","name":"Private hire of the Domaine de la Pr\u00e9v\u00f4te - Domaine de la Pr\u00e9vote","isPartOf":{"@id":"https:\/\/domainedelaprevote.com\/en\/#website"},"primaryImageOfPage":{"@id":"https:\/\/domainedelaprevote.com\/en\/private-hire-of-the-domaine-de-la-prevote\/#primaryimage"},"image":{"@id":"https:\/\/domainedelaprevote.com\/en\/private-hire-of-the-domaine-de-la-prevote\/#primaryimage"},"thumbnailUrl":"https:\/\/domainedelaprevote.com\/wp-content\/uploads\/2024\/06\/privatisation-titre.jpg","datePublished":"2023-10-19T08:55:39+00:00","dateModified":"2026-04-13T15:53:33+00:00","breadcrumb":{"@id":"https:\/\/domainedelaprevote.com\/en\/private-hire-of-the-domaine-de-la-prevote\/#breadcrumb"},"inLanguage":"en-US","potentialAction":[{"@type":"ReadAction","target":["https:\/\/domainedelaprevote.com\/en\/private-hire-of-the-domaine-de-la-prevote\/"]}]},{"@type":"ImageObject","inLanguage":"en-US","@id":"https:\/\/domainedelaprevote.com\/en\/private-hire-of-the-domaine-de-la-prevote\/#primaryimage","url":"https:\/\/domainedelaprevote.com\/wp-content\/uploads\/2024\/06\/privatisation-titre.jpg","contentUrl":"https:\/\/domainedelaprevote.com\/wp-content\/uploads\/2024\/06\/privatisation-titre.jpg","width":1300,"height":668},{"@type":"BreadcrumbList","@id":"https:\/\/domainedelaprevote.com\/en\/private-hire-of-the-domaine-de-la-prevote\/#breadcrumb","itemListElement":[{"@type":"ListItem","position":1,"name":"Accueil","item":"https:\/\/domainedelaprevote.com\/en\/"},{"@type":"ListItem","position":2,"name":"Private hire of the Domaine de la Pr\u00e9v\u00f4te"}]},{"@type":"WebSite","@id":"https:\/\/domainedelaprevote.com\/en\/#website","url":"https:\/\/domainedelaprevote.com\/en\/","name":"Domaine de la Pr\u00e9v\u00f4te","description":"G\u00eetes Proven\u00e7aux et Vignobles","publisher":{"@id":"https:\/\/domainedelaprevote.com\/en\/#organization"},"potentialAction":[{"@type":"SearchAction","target":{"@type":"EntryPoint","urlTemplate":"https:\/\/domainedelaprevote.com\/en\/?s={search_term_string}"},"query-input":{"@type":"PropertyValueSpecification","valueRequired":true,"valueName":"search_term_string"}}],"inLanguage":"en-US"},{"@type":"Organization","@id":"https:\/\/domainedelaprevote.com\/en\/#organization","name":"Domaine de la Pr\u00e9v\u00f4te","url":"https:\/\/domainedelaprevote.com\/en\/","logo":{"@type":"ImageObject","inLanguage":"en-US","@id":"https:\/\/domainedelaprevote.com\/en\/#\/schema\/logo\/image\/","url":"https:\/\/domainedelaprevote.com\/wp-content\/uploads\/2024\/05\/logo-domaine-prevote@2x.png","contentUrl":"https:\/\/domainedelaprevote.com\/wp-content\/uploads\/2024\/05\/logo-domaine-prevote@2x.png","width":800,"height":352,"caption":"Domaine de la Pr\u00e9v\u00f4te"},"image":{"@id":"https:\/\/domainedelaprevote.com\/en\/#\/schema\/logo\/image\/"}}]}},"_links":{"self":[{"href":"https:\/\/domainedelaprevote.com\/en\/wp-json\/wp\/v2\/pages\/1398","targetHints":{"allow":["GET"]}}],"collection":[{"href":"https:\/\/domainedelaprevote.com\/en\/wp-json\/wp\/v2\/pages"}],"about":[{"href":"https:\/\/domainedelaprevote.com\/en\/wp-json\/wp\/v2\/types\/page"}],"author":[{"embeddable":true,"href":"https:\/\/domainedelaprevote.com\/en\/wp-json\/wp\/v2\/users\/1"}],"replies":[{"embeddable":true,"href":"https:\/\/domainedelaprevote.com\/en\/wp-json\/wp\/v2\/comments?post=1398"}],"version-history":[{"count":3,"href":"https:\/\/domainedelaprevote.com\/en\/wp-json\/wp\/v2\/pages\/1398\/revisions"}],"predecessor-version":[{"id":1401,"href":"https:\/\/domainedelaprevote.com\/en\/wp-json\/wp\/v2\/pages\/1398\/revisions\/1401"}],"wp:featuredmedia":[{"embeddable":true,"href":"https:\/\/domainedelaprevote.com\/en\/wp-json\/wp\/v2\/media\/1079"}],"wp:attachment":[{"href":"https:\/\/domainedelaprevote.com\/en\/wp-json\/wp\/v2\/media?parent=1398"}],"curies":[{"name":"wp","href":"https:\/\/api.w.org\/{rel}","templated":true}]}}

Private hire of the Domaine de la Prévôte

<!-- This site is optimized with the Yoast SEO plugin v27.5 - https://yoast.com/product/yoast-seo-wordpress/ -->
<title>Private hire of the Domaine de la Prévôte - Domaine de la Prévote</title>
<meta name="robots" content="index, follow, max-snippet:-1, max-image-preview:large, max-video-preview:-1" />
<link rel="canonical" href="https://domainedelaprevote.com/en/private-hire-of-the-domaine-de-la-prevote/" />
<meta property="og:locale" content="en_US" />
<meta property="og:type" content="article" />
<meta property="og:title" content="Private hire of the Domaine de la Prévôte - Domaine de la Prévote" />
<meta property="og:description" content="[vc_row][vc_column width=&#8221;1/1&#8243;][vc_column_text uncode_shortcode_id=&#8221;573925&#8243;] Off-season or summer, rent the entire estate! Venue rental is available year-round. Weddings, family reunions, birthdays, parties [&hellip;]" />
<meta property="og:url" content="https://domainedelaprevote.com/en/private-hire-of-the-domaine-de-la-prevote/" />
<meta property="og:site_name" content="Domaine de la Prévote" />
<meta property="article:modified_time" content="2026-04-13T15:53:33+00:00" />
<meta property="og:image" content="https://domainedelaprevote.com/wp-content/uploads/2024/06/privatisation-titre.jpg" />
	<meta property="og:image:width" content="1300" />
	<meta property="og:image:height" content="668" />
	<meta property="og:image:type" content="image/jpeg" />
<meta name="twitter:card" content="summary_large_image" />
<script type="application/ld+json" class="yoast-schema-graph">{"@context":"https:\/\/schema.org","@graph":[{"@type":"WebPage","@id":"https:\/\/domainedelaprevote.com\/en\/private-hire-of-the-domaine-de-la-prevote\/","url":"https:\/\/domainedelaprevote.com\/en\/private-hire-of-the-domaine-de-la-prevote\/","name":"Private hire of the Domaine de la Prévôte - Domaine de la Prévote","isPartOf":{"@id":"https:\/\/domainedelaprevote.com\/en\/#website"},"primaryImageOfPage":{"@id":"https:\/\/domainedelaprevote.com\/en\/private-hire-of-the-domaine-de-la-prevote\/#primaryimage"},"image":{"@id":"https:\/\/domainedelaprevote.com\/en\/private-hire-of-the-domaine-de-la-prevote\/#primaryimage"},"thumbnailUrl":"https:\/\/domainedelaprevote.com\/wp-content\/uploads\/2024\/06\/privatisation-titre.jpg","datePublished":"2023-10-19T08:55:39+00:00","dateModified":"2026-04-13T15:53:33+00:00","breadcrumb":{"@id":"https:\/\/domainedelaprevote.com\/en\/private-hire-of-the-domaine-de-la-prevote\/#breadcrumb"},"inLanguage":"en-US","potentialAction":[{"@type":"ReadAction","target":["https:\/\/domainedelaprevote.com\/en\/private-hire-of-the-domaine-de-la-prevote\/"]}]},{"@type":"ImageObject","inLanguage":"en-US","@id":"https:\/\/domainedelaprevote.com\/en\/private-hire-of-the-domaine-de-la-prevote\/#primaryimage","url":"https:\/\/domainedelaprevote.com\/wp-content\/uploads\/2024\/06\/privatisation-titre.jpg","contentUrl":"https:\/\/domainedelaprevote.com\/wp-content\/uploads\/2024\/06\/privatisation-titre.jpg","width":1300,"height":668},{"@type":"BreadcrumbList","@id":"https:\/\/domainedelaprevote.com\/en\/private-hire-of-the-domaine-de-la-prevote\/#breadcrumb","itemListElement":[{"@type":"ListItem","position":1,"name":"Accueil","item":"https:\/\/domainedelaprevote.com\/en\/"},{"@type":"ListItem","position":2,"name":"Private hire of the Domaine de la Prévôte"}]},{"@type":"WebSite","@id":"https:\/\/domainedelaprevote.com\/en\/#website","url":"https:\/\/domainedelaprevote.com\/en\/","name":"Domaine de la Prévôte","description":"Gîtes Provençaux et Vignobles","publisher":{"@id":"https:\/\/domainedelaprevote.com\/en\/#organization"},"potentialAction":[{"@type":"SearchAction","target":{"@type":"EntryPoint","urlTemplate":"https:\/\/domainedelaprevote.com\/en\/?s={search_term_string}"},"query-input":{"@type":"PropertyValueSpecification","valueRequired":true,"valueName":"search_term_string"}}],"inLanguage":"en-US"},{"@type":"Organization","@id":"https:\/\/domainedelaprevote.com\/en\/#organization","name":"Domaine de la Prévôte","url":"https:\/\/domainedelaprevote.com\/en\/","logo":{"@type":"ImageObject","inLanguage":"en-US","@id":"https:\/\/domainedelaprevote.com\/en\/#\/schema\/logo\/image\/","url":"https:\/\/domainedelaprevote.com\/wp-content\/uploads\/2024\/05\/logo-domaine-prevote@2x.png","contentUrl":"https:\/\/domainedelaprevote.com\/wp-content\/uploads\/2024\/05\/logo-domaine-prevote@2x.png","width":800,"height":352,"caption":"Domaine de la Prévôte"},"image":{"@id":"https:\/\/domainedelaprevote.com\/en\/#\/schema\/logo\/image\/"}}]}</script>
<!-- / Yoast SEO plugin. -->

Private hire of the Domaine de la Prévôte - Domaine de la Prévote

Domaine de la Prévote

Domaine de la Prévôte

Gîtes Provençaux et Vignobles
